reds digit of x?
1
Let v = -9824 - -18628. What is the thousands digit of v?
8
Suppose 0 = a - 1, -4*i + 2*a + 31 = -i. Let l(y) = 2*y + 13. Let o be l(i). Let h = -33 + o. What is the units digit of h?
2
Let m(n) = 48*n**2 + 584*n - 1. What is the hundreds digit of m(15)?
5
Let p(q) = -2*q**2 + 23*q - 15. Let g = -40 + 51. Let u be p(g). Let b(c) = -20*c + 8. What is the units digit of b(u)?
8
Let q = -60 - -64. Suppose -5*b + 2*b - 3*d = -666, q*d - 452 = -2*b. What is the tens digit of b?
1
Suppose -448 = -2*d - p, -2*d = -3*d + 4*p + 215. Let a be 2/(-10) - 496/(-5). Suppose -t + 2*i = i - a, -2*t - 3*i + d = 0. What is the tens digit of t?
0
Let h(f) = 152*f**2 + 36*f - 13. What is the tens digit of h(-9)?
7
Let f = -36176 - -36225. What is the units digit of f?
9
What is the hundreds digit of -12503*((-65)/(-26)*4 + -11)?
5
Let d = 26974 - 26923. What is the units digit of d?
1
Let j = -1957 + 15205. What is the hundreds digit of j?
2
Let y = -67 + 70. Suppose -5*s = -b + 586, 0 = -2*b - 7*s + y*s + 1130. Suppose 0*l - p - b = -2*l, 4*l = -p + 1133. What is the hundreds digit of l?
2
What is the tens digit of (-792)/(-2420)*-22*4870/(-6)?
4
Let i(c) = -347*c - 881. What is the tens digit of i(-15)?
2
Let l = 1886 - 1274. Suppose 5*h = 6*h - t - 200, -3*h - t + l = 0. What is the units digit of h?
3
Let y = -30 - -30. Suppose y = -3*q - 19 - 53. Let u = q - -63. What is the tens digit of u?
3
Suppose 0 = 21*s - 74073 - 42477. What is the units digit of s?
0
Let f(g) = g**2 + 14*g - 22. Let z(o) = -o**2 - 15*o + 23. Let b(c) = 5*f(c) + 4*z(c). What is the tens digit of b(18)?
8
What is the tens digit of (-9)/21 - (-30)/(-70)*1089724/(-6)?
3
Let d(f) = 2*f**2 - 40*f + 46. Let m be d(19). What is the hundreds digit of m + -38*82/(-4)?
7
What is the hundreds digit of ((-2234456)/(-112))/(3*(-2)/(-12))?
9
Let u = -214 + 364. Suppose -4*i + 28 = 2*b, -18*b = -15*b - 12. Suppose 0 = -i*w + 3*w + u. What is the units digit of w?
5
Let h = -2470 + 13052. What is the ten thousands digit of h?
1
Suppose 3*j + 234 = -36. Let a = j - -134. Suppose 4*s = -k + s + a, -3*k + 2*s = -121. What is the units digit of k?
1
Let h(u) be the second derivative of 7*u**2 + 4/3*u**3 + 1/20*u**5 + 0 + 11/12*u**4 - 13*u. What is the units digit of h(-10)?
4
Let q = 1807 + 1207. Let y = -1639 + q. What is the units digit of y?
5
Suppose -7*l = -44 + 2. Let v be ((-1)/(-3))/(3 + -2)*l. What is the units digit of 1 - (v - (195 - -3))?
7
Let j(m) = m**2 + 4*m - 32. Let h be j(6). Suppose -45080 = 5*b - h*b. What is the hundreds digit of b?
9
Let a(d) = -22*d + 12. Let p(r) = 90*r - 46. Let f(c) = -9*a(c) - 2*p(c). What is the hundreds digit of f(39)?
6
Let m(w) = -4*w**3 - 23*w**2 + 39*w + 283. What is the thousands digit of m(-22)?
0
Let c(o) = 81*o**2 - 57*o + 357. What is the hundreds digit of c(13)?
3
Let l(f) = -6035*f + 47. What is the units digit of l(-1)?
2
Suppose 0 = -7*s + 2*s + 25. Suppose 5*o + c = 348, 0 = s*o - o - 2*c - 284. What is the tens digit of (18/(-4))/((-21)/o)?
1
Suppose -106450 = -70*g + 91105 + 106315. What is the hundreds digit of g?
3
Let n = 92719 - 56179. What is the tens digit of n?
4
Suppose 44*p - 522987 = 423101. What is the ten thousands digit of p?
2
Let c be ((-234)/8)/(2/(-8)). Let s(o) = o**3 + 79*o + 298. Let q be s(0). Suppose q = -116*b + c*b. What is the hundreds digit of b?
2
Let f = 13 - 13. Suppose -m - 4*m = -4*x + 28, -3*m - 12 = f. What is the tens digit of (x + -1)/(1 + (-510)/515)?
0
Let f(i) = -8*i - 27. Let z be f(-10). Suppose 9*y + 24 = 10*y. Let j = z - y. What is the units digit of j?
9
Suppose 4*k - 18 = -2*c, 3*k + c = -31 + 45. Let v(r) be the third derivative of r**5/15 + r**4/8 - 13*r**3/6 + r**2. What is the units digit of v(k)?
2
Let r(u) = 8*u**3 + 2*u**2 - 3*u + 2. Let j be r(1). What is the tens digit of 705/10*(33/j - 1)?
8
Suppose -40*i + 288561 = -44914 - 178605. What is the ten thousands digit of i?
1
Let x(t) = -2*t**3 - 5*t**2 + 2*t + 17. Let f be x(4). Let u = 151 - f. What is the hundreds digit of u?
3
Suppose -714*t + 226*t + 35949984 = 0. What is the tens digit of t?
6
Let w = -36 - 33. Let c = w - -183. What is the hundreds digit of c?
1
Let k(o) = -3*o + o + o - 3*o - 13. Let q be k(-4). Suppose 0 = q*g - 2*g - 37. What is the units digit of g?
7
Suppose -8*x + 6*x = -6. Suppose -8 = 2*f, x*f - 8*f = -4*o + 1852. What is the tens digit of o?
5
Let f(m) = -2*m**2 + 33*m + 27. Let t be f(17). Let z(p) = -2*p**2 - t*p + 18 - 6*p - 2*p**2 + p**3 - 7*p**2. What is the tens digit of z(13)?
4
What is the ten thousands digit of 5938*2 + (-125 - -136) + -7?
1
Let m = 14 + -11. Suppose 4*d + 0 - 10 = -3*f, -5*d - 55 = -m*f. What is the tens digit of ((-96)/f)/((-6)/20)?
3
Suppose -4797 = -4*s + n, -5*s + 3*n + 8492 - 2494 = 0. Suppose 1436 = 2*a - g, 3*a + g = s + 950. What is the units digit of a?
7
Suppose 2*b + 19 - 9 = 0, -42 = u - 4*b. Let r = u + 79. What is the tens digit of r?
1
Let j = 21 + -16. Suppose -5*p + 142 = 2*h, -j*h = -2*h - 3. Suppose -39 = -z - p. What is the units digit of z?
1
Let u = 276 + -325. What is the hundreds digit of (14/u)/(1/(-1981))?
5
Let z = 8 - -307. Suppose -18*x + 19*x - z = 2*m, -3*m = 3. What is the units digit of x?
3
Let g = 7 + 8. Suppose 4*y + 45 = -0*d + 5*d, -2*d + y + g = 0. Suppose -51 + 76 = d*z. What is the units digit of z?
5
Let x(g) = g**3 - 6*g**2 + 6*g - 33. Let b be x(6). Suppose -5*l = 2*d - 1131, -16*l = b*d - 12*l - 1679. What is the hundreds digit of d?
5
Suppose -107*p = -109*p + 6748. Suppose -2072 - p = -7*o. What is the hundreds digit of o?
7
Suppose 0 = -4*a - 3*c + 15, 5*a - 2*c - 12 = 1. Suppose a*x + 145 = 190. What is the tens digit of x?
1
Let p(c) = -81*c**2 - 4*c - 19. Let l(t) = 82*t**2 + 3*t + 19. Let a(m) = -3*l(m) - 4*p(m). What is the tens digit of a(-4)?
3
Suppose -2*o + 2 = 0, 0 = d + d - 4*o. Let n(a) = -a**2 - 279 + 5*a + 274 + d*a**2. What is the units digit of n(-12)?
9
Let h = -8470 + 22612. What is the tens digit of h?
4
Let w be 39 + (7 - 2 - 6). What is the tens digit of 10686/10 + w/95?
6
Let l = -200 - -204. Suppose -4*q - 2*i = -303 - 237, l*q - 554 = 5*i. What is the hundreds digit of q?
1
Suppose -19*q = -64010 - 131652. What is the thousands digit of q?
0
Let j(s) be the second derivative of -s**3/2 + 13*s**2/2 - 14*s. Let x be j(16). Let p = 87 + x. What is the tens digit of p?
5
Suppose 116250 = 3*v + 3*a, v - 52*a - 38750 = -48*a. What is the thousands digit of 0 - 1/7 - v/(-35)?
1
Let p = 89 + -85. Suppose -r + p*r = -2*g + 26, 73 = 4*r - 5*g. Suppose 2*o + 5*l = 57 + r, 0 = -2*o - l + 57. What is the tens digit of o?
2
Let w(z) = -z**2 - 42*z - 15. Let m(i) = -13*i + 128. Let r be m(11). What is the hundreds digit of w(r)?
3
Let s = 698 + 204. What is the tens digit of s?
0
Suppose -3*l = -3*o - 39, -5*o - 10 = -2*l + 13. Let c = 19 - l. Suppose -160 = -3*y + b, -2*y + 0*y + 98 = -c*b. What is the units digit of y?
4
Let o(h) = 63*h - 110. Suppose 84 = y + 11*y. What is the hundreds digit of o(y)?
3
Let l be (-4)/(-8)*-10*49. Let f = l - -717. What is the tens digit of f?
7
What is the units digit of -9021*3*(-11 + 416/39)?
1
Let q(w) be the second derivative of 10/3*w**3 + 0 - 32*w - 17/2*w**2. What is the tens digit of q(8)?
4
Let i = 93 + -42. Suppose 0 = -5*c + 4*c - 4. Let v = i - c. What is the tens digit of v?
5
Suppose 4*j + 5*u = 20504, -56*u = j - 58*u - 5113. What is the hundreds digit of j?
1
Suppose -427*a = -248*a - 7027719. What is the thousands digit of a?
9
Let w(r) be the third derivative of 13*r**5/20 + 11*r**4/12 - 56*r**3/3 - r**2 + 8*r. What is the units digit of w(5)?
3
Let w = -51 - -98. Let t = 49 - w. Suppose n - 4*n = -5*s - 393, t*n + 2*s = 262. What is the hundreds digit of n?
1
Suppose 2*c = -3*u + 2, -17 = 5*u + 3*c - 21. Suppose 5*i + q = -536 + 7549, -i + 1396 = -u*q. What is the hundreds digit of i?
4
Let w = 15 - 20. Let c(p) = p**3 + 7*p**2 + 10*p + 5. Let l be c(w). Suppose -2*s - 4*u + 114 = 0, 0*s - 5*s - l*u = -270. What is the units digit of s?
1
What is the thousands digit of (7/2 + -5)/((-3)/7122)?
3
Let q(f) = -51*f**3 + f**2 + 8*f + 22. Let r be q(-3). Suppose 151*l - 147*l = r. What is the tens digit of l?
4
Let f be -2*(-4)/(-8)*71. Let m = 393 + f. Wh